{"id":1752,"date":"2025-12-22T15:43:32","date_gmt":"2025-12-22T15:43:32","guid":{"rendered":"https:\/\/www.solunex.ch\/?page_id=1752"},"modified":"2025-12-24T13:21:41","modified_gmt":"2025-12-24T13:21:41","slug":"arbeiten-bei-solunex","status":"publish","type":"page","link":"https:\/\/www.solunex.ch\/?page_id=1752","title":{"rendered":"Arbeiten bei Solunex"},"content":{"rendered":"\n<div class=\"wp-block-stackable-columns alignfull stk-block-columns stk-block stk-d9be1ff\" data-block-id=\"d9be1ff\"><style>.stk-d9be1ff-column{max-width:1200px !important;min-width:auto !important;}<\/style><div class=\"stk-row stk-inner-blocks stk-block-content stk-content-align stk-d9be1ff-column alignfull\">\n<div class=\"wp-block-stackable-column stk-block-column stk-column stk-block stk-45e1b62\" data-v=\"4\" data-block-id=\"45e1b62\"><style>.stk-45e1b62-container{max-width:1200px !important;min-width:auto !important;}<\/style><div class=\"stk-column-wrapper stk-block-column__content stk-container stk-45e1b62-container stk-hover-parent\"><div class=\"stk-block-content stk-inner-blocks stk-45e1b62-inner-blocks\">\n<div class=\"wp-block-stackable-heading stk-block-heading stk-block-heading--v2 stk-block stk-23a1c50\" id=\"finanzielle-vorteile\" data-block-id=\"23a1c50\"><h2 class=\"stk-block-heading__text\">Arbeiten bei Solunex<\/h2><\/div>\n\n\n\n<div class=\"wp-block-stackable-feature stk-block-feature stk-block stk-8676710 is-style-default\" data-v=\"2\" id=\"finanzielle-vorteile\" data-block-id=\"8676710\"><style>.stk-8676710 {--stk-feature-flex-wrap:nowrap !important;}<\/style><div class=\"stk-content-align stk-8676710-column stk-container stk-8676710-container stk--no-background stk--no-padding\"><div class=\"stk-inner-blocks stk-block-content stk-row\">\n<div class=\"wp-block-stackable-column stk-block-column stk-column stk-block stk-255f0d6\" data-v=\"4\" data-block-id=\"255f0d6\"><style>.stk-255f0d6-inner-blocks{align-items:flex-start !important;justify-content:flex-start !important;}<\/style><div class=\"stk-column-wrapper stk-block-column__content stk-container stk-255f0d6-container stk--no-background stk--no-padding\"><div class=\"stk--column-flex stk-block-content stk-inner-blocks stk-255f0d6-inner-blocks\">\n<div class=\"wp-block-stackable-heading stk-block-heading stk-block-heading--v2 stk-block stk-af91032\" id=\"arbeitsumfeld\" data-block-id=\"af91032\"><style>.stk-af91032 {left:-10px !important;}<\/style><h3 class=\"stk-block-heading__text\">Arbeitsumfeld<\/h3><\/div>\n\n\n\n<div class=\"wp-block-stackable-text stk-block-text stk-block stk-b737513\" data-block-id=\"b737513\"><style>.stk-b737513 {left:-10px !important;}<\/style><p class=\"stk-block-text__text has-text-align-left\">Wir bieten ein inspirierendes Arbeitsumfeld, das auf Offenheit, gegenseitigem Respekt und Teamgeist basiert. Moderne Arbeitspl\u00e4tze, flexible Strukturen und kurze Entscheidungswege schaffen ideale Voraussetzungen f\u00fcr pers\u00f6nliches Wachstum, kreative Ideen und effizientes Arbeiten.<\/p><\/div>\n<\/div><\/div><\/div>\n\n\n\n<div class=\"wp-block-stackable-column stk-block-column stk-column stk-block stk-18e5a67\" data-v=\"4\" data-block-id=\"18e5a67\"><style>.stk-18e5a67 {align-self:center !important;}<\/style><div class=\"stk-column-wrapper stk-block-column__content stk-container stk-18e5a67-container stk--no-background stk--no-padding\"><div class=\"stk-block-content stk-inner-blocks stk-18e5a67-inner-blocks\">\n<div class=\"wp-block-stackable-image stk-block-image has-text-align-right stk-block stk-f93052a\" data-block-id=\"f93052a\"><style>.stk-f93052a {left:-10px !important;}.stk-f93052a .stk-img-wrapper{width:200px !important;height:200px !important;}<\/style><figure><span class=\"stk-img-wrapper stk-image--shape-stretch\"><img data-recalc-dims=\"1\" loading=\"lazy\" decoding=\"async\" class=\"stk-img wp-image-1490\" src=\"https:\/\/i0.wp.com\/www.solunex.ch\/wp-content\/uploads\/2025\/07\/eco.png?resize=512%2C512&#038;ssl=1\" width=\"512\" height=\"512\" srcset=\"https:\/\/i0.wp.com\/www.solunex.ch\/wp-content\/uploads\/2025\/07\/eco.png?w=512&amp;ssl=1 512w, https:\/\/i0.wp.com\/www.solunex.ch\/wp-content\/uploads\/2025\/07\/eco.png?resize=300%2C300&amp;ssl=1 300w, https:\/\/i0.wp.com\/www.solunex.ch\/wp-content\/uploads\/2025\/07\/eco.png?resize=150%2C150&amp;ssl=1 150w\" sizes=\"auto, (max-width: 512px) 100vw, 512px\" \/><\/span><\/figure><\/div>\n<\/div><\/div><\/div>\n<\/div><\/div><\/div>\n\n\n\n<div class=\"wp-block-stackable-feature stk-block-feature stk-block stk-78256e9 is-style-default\" data-v=\"2\" id=\"finanzielle-vorteile\" data-block-id=\"78256e9\"><style>.stk-78256e9 {--stk-feature-flex-wrap:nowrap !important;}<\/style><div class=\"stk-content-align stk-78256e9-column stk-container stk-78256e9-container stk--no-background stk--no-padding\"><div class=\"stk-inner-blocks stk-block-content stk-row\">\n<div class=\"wp-block-stackable-column stk-block-column stk-column stk-block stk-330dffc\" data-v=\"4\" data-block-id=\"330dffc\"><style>.stk-330dffc {align-self:center !important;}<\/style><div class=\"stk-column-wrapper stk-block-column__content stk-container stk-330dffc-container stk--no-background stk--no-padding\"><div class=\"stk-block-content stk-inner-blocks stk-330dffc-inner-blocks\">\n<div class=\"wp-block-stackable-image stk-block-image has-text-align-left stk-block stk-5c1f85b\" data-block-id=\"5c1f85b\"><style>.stk-5c1f85b {left:-10px !important;}.stk-5c1f85b .stk-img-wrapper{width:200px !important;height:200px !important;}<\/style><figure><span class=\"stk-img-wrapper stk-image--shape-stretch\"><img data-recalc-dims=\"1\" loading=\"lazy\" decoding=\"async\" class=\"stk-img wp-image-1493\" src=\"https:\/\/i0.wp.com\/www.solunex.ch\/wp-content\/uploads\/2025\/07\/online-learning.png?resize=512%2C512&#038;ssl=1\" width=\"512\" height=\"512\" srcset=\"https:\/\/i0.wp.com\/www.solunex.ch\/wp-content\/uploads\/2025\/07\/online-learning.png?w=512&amp;ssl=1 512w, https:\/\/i0.wp.com\/www.solunex.ch\/wp-content\/uploads\/2025\/07\/online-learning.png?resize=300%2C300&amp;ssl=1 300w, https:\/\/i0.wp.com\/www.solunex.ch\/wp-content\/uploads\/2025\/07\/online-learning.png?resize=150%2C150&amp;ssl=1 150w\" sizes=\"auto, (max-width: 512px) 100vw, 512px\" \/><\/span><\/figure><\/div>\n<\/div><\/div><\/div>\n\n\n\n<div class=\"wp-block-stackable-column stk-block-column stk-column stk-block stk-c0ea378\" data-v=\"4\" data-block-id=\"c0ea378\"><style>.stk-c0ea378-inner-blocks{align-items:flex-start !important;justify-content:flex-start !important;}<\/style><div class=\"stk-column-wrapper stk-block-column__content stk-container stk-c0ea378-container stk--no-background stk--no-padding\"><div class=\"stk--column-flex stk-block-content stk-inner-blocks stk-c0ea378-inner-blocks\">\n<div class=\"wp-block-stackable-heading stk-block-heading stk-block-heading--v2 stk-block stk-e9db97f\" id=\"weiterbildung\" data-block-id=\"e9db97f\"><style>.stk-e9db97f {left:-10px !important;}<\/style><h3 class=\"stk-block-heading__text\">Weiterbildung<\/h3><\/div>\n\n\n\n<div class=\"wp-block-stackable-text stk-block-text stk-block stk-95f839b\" data-block-id=\"95f839b\"><style>.stk-95f839b {left:-10px !important;}<\/style><p class=\"stk-block-text__text has-text-align-left\">Wir f\u00f6rdern kontinuierliches Lernen durch interne Schulungen, externe Weiterbildungen und den Zugang zu digitalen Lernplattformen. Pers\u00f6nliche Entwicklung wird bei uns aktiv unterst\u00fctzt \u2013 individuell, praxisnah und zukunftsorientiert.<\/p><\/div>\n<\/div><\/div><\/div>\n<\/div><\/div><\/div>\n\n\n\n<div class=\"wp-block-stackable-feature stk-block-feature stk-block stk-3c73505 is-style-default\" data-v=\"2\" id=\"finanzielle-vorteile\" data-block-id=\"3c73505\"><style>.stk-3c73505 {--stk-feature-flex-wrap:nowrap !important;}<\/style><div class=\"stk-content-align stk-3c73505-column stk-container stk-3c73505-container stk--no-background stk--no-padding\"><div class=\"stk-inner-blocks stk-block-content stk-row\">\n<div class=\"wp-block-stackable-column stk-block-column stk-column stk-block stk-f2abd45\" data-v=\"4\" data-block-id=\"f2abd45\"><style>.stk-f2abd45-inner-blocks{align-items:flex-start !important;justify-content:flex-start !important;}<\/style><div class=\"stk-column-wrapper stk-block-column__content stk-container stk-f2abd45-container stk--no-background stk--no-padding\"><div class=\"stk--column-flex stk-block-content stk-inner-blocks stk-f2abd45-inner-blocks\">\n<div class=\"wp-block-stackable-heading stk-block-heading stk-block-heading--v2 stk-block stk-9aa11ac\" id=\"technologie-amp-tools\" data-block-id=\"9aa11ac\"><style>.stk-9aa11ac {left:-10px !important;}<\/style><h3 class=\"stk-block-heading__text\">Technologie &amp; Tools<\/h3><\/div>\n\n\n\n<div class=\"wp-block-stackable-text stk-block-text stk-block stk-b262109\" data-block-id=\"b262109\"><style>.stk-b262109 {left:-10px !important;}<\/style><p class=\"stk-block-text__text has-text-align-left\">Wir setzen auf moderne Technologien, zeitgem\u00e4sse Tools und automatisierte Prozesse, um produktives Arbeiten auf h\u00f6chstem Niveau zu erm\u00f6glichen. Dabei achten wir auf sinnvolle L\u00f6sungen, die Teams wirklich unterst\u00fctzen \u2013 nicht ausbremsen.<\/p><\/div>\n<\/div><\/div><\/div>\n\n\n\n<div class=\"wp-block-stackable-column stk-block-column stk-column stk-block stk-932c44d\" data-v=\"4\" data-block-id=\"932c44d\"><style>.stk-932c44d {align-self:center !important;}<\/style><div class=\"stk-column-wrapper stk-block-column__content stk-container stk-932c44d-container stk--no-background stk--no-padding\"><div class=\"stk-block-content stk-inner-blocks stk-932c44d-inner-blocks\">\n<div class=\"wp-block-stackable-image stk-block-image has-text-align-right stk-block stk-c73a84a\" data-block-id=\"c73a84a\"><style>.stk-c73a84a {left:-10px !important;}.stk-c73a84a .stk-img-wrapper{width:200px !important;height:200px !important;}<\/style><figure><span class=\"stk-img-wrapper stk-image--shape-stretch\"><img data-recalc-dims=\"1\" loading=\"lazy\" decoding=\"async\" class=\"stk-img wp-image-1494\" src=\"https:\/\/i0.wp.com\/www.solunex.ch\/wp-content\/uploads\/2025\/07\/cloud.png?resize=512%2C512&#038;ssl=1\" width=\"512\" height=\"512\" srcset=\"https:\/\/i0.wp.com\/www.solunex.ch\/wp-content\/uploads\/2025\/07\/cloud.png?w=512&amp;ssl=1 512w, https:\/\/i0.wp.com\/www.solunex.ch\/wp-content\/uploads\/2025\/07\/cloud.png?resize=300%2C300&amp;ssl=1 300w, https:\/\/i0.wp.com\/www.solunex.ch\/wp-content\/uploads\/2025\/07\/cloud.png?resize=150%2C150&amp;ssl=1 150w\" sizes=\"auto, (max-width: 512px) 100vw, 512px\" \/><\/span><\/figure><\/div>\n<\/div><\/div><\/div>\n<\/div><\/div><\/div>\n\n\n\n<div class=\"wp-block-stackable-feature stk-block-feature stk-block stk-6b8a09f is-style-default\" data-v=\"2\" id=\"finanzielle-vorteile\" data-block-id=\"6b8a09f\"><style>.stk-6b8a09f {--stk-feature-flex-wrap:nowrap !important;}<\/style><div class=\"stk-content-align stk-6b8a09f-column stk-container stk-6b8a09f-container stk--no-background stk--no-padding\"><div class=\"stk-inner-blocks stk-block-content stk-row\">\n<div class=\"wp-block-stackable-column stk-block-column stk-column stk-block stk-dcdba9e\" data-v=\"4\" data-block-id=\"dcdba9e\"><style>.stk-dcdba9e {align-self:center !important;}<\/style><div class=\"stk-column-wrapper stk-block-column__content stk-container stk-dcdba9e-container stk--no-background stk--no-padding\"><div class=\"stk-block-content stk-inner-blocks stk-dcdba9e-inner-blocks\">\n<div class=\"wp-block-stackable-image stk-block-image has-text-align-left stk-block stk-e09afed\" data-block-id=\"e09afed\"><style>.stk-e09afed {left:-10px !important;}.stk-e09afed .stk-img-wrapper{width:200px !important;height:200px !important;}<\/style><figure><span class=\"stk-img-wrapper stk-image--shape-stretch\"><img data-recalc-dims=\"1\" loading=\"lazy\" decoding=\"async\" class=\"stk-img wp-image-1504\" src=\"https:\/\/i0.wp.com\/www.solunex.ch\/wp-content\/uploads\/2025\/07\/mobility.png?resize=512%2C512&#038;ssl=1\" width=\"512\" height=\"512\" srcset=\"https:\/\/i0.wp.com\/www.solunex.ch\/wp-content\/uploads\/2025\/07\/mobility.png?w=512&amp;ssl=1 512w, https:\/\/i0.wp.com\/www.solunex.ch\/wp-content\/uploads\/2025\/07\/mobility.png?resize=300%2C300&amp;ssl=1 300w, https:\/\/i0.wp.com\/www.solunex.ch\/wp-content\/uploads\/2025\/07\/mobility.png?resize=150%2C150&amp;ssl=1 150w\" sizes=\"auto, (max-width: 512px) 100vw, 512px\" \/><\/span><\/figure><\/div>\n<\/div><\/div><\/div>\n\n\n\n<div class=\"wp-block-stackable-column stk-block-column stk-column stk-block stk-1108180\" data-v=\"4\" data-block-id=\"1108180\"><style>.stk-1108180-inner-blocks{align-items:flex-start !important;justify-content:flex-start !important;}<\/style><div class=\"stk-column-wrapper stk-block-column__content stk-container stk-1108180-container stk--no-background stk--no-padding\"><div class=\"stk--column-flex stk-block-content stk-inner-blocks stk-1108180-inner-blocks\">\n<div class=\"wp-block-stackable-heading stk-block-heading stk-block-heading--v2 stk-block stk-db56920\" id=\"mobilitat-amp-anreise\" data-block-id=\"db56920\"><style>.stk-db56920 {left:-10px !important;}<\/style><h3 class=\"stk-block-heading__text\">Mobilit\u00e4t &amp; Anreise<\/h3><\/div>\n\n\n\n<div class=\"wp-block-stackable-text stk-block-text stk-block stk-5729a78\" data-block-id=\"5729a78\"><style>.stk-5729a78 {left:-10px !important;}<\/style><p class=\"stk-block-text__text has-text-align-left\">Unser Standort ist zentral gelegen und gut mit dem \u00f6ffentlichen Verkehr erreichbar. F\u00fcr Mitarbeitende, die mit dem Auto anreisen, stehen Parkm\u00f6glichkeiten in der N\u00e4he zur Verf\u00fcgung.<\/p><\/div>\n<\/div><\/div><\/div>\n<\/div><\/div><\/div>\n\n\n\n<div class=\"wp-block-stackable-feature stk-block-feature stk-block stk-c1231f0 is-style-default\" data-v=\"2\" id=\"finanzielle-vorteile\" data-block-id=\"c1231f0\"><style>.stk-c1231f0 {--stk-feature-flex-wrap:nowrap !important;}<\/style><div class=\"stk-content-align stk-c1231f0-column stk-container stk-c1231f0-container stk--no-background stk--no-padding\"><div class=\"stk-inner-blocks stk-block-content stk-row\">\n<div class=\"wp-block-stackable-column stk-block-column stk-column stk-block stk-aae4ce6\" data-v=\"4\" data-block-id=\"aae4ce6\"><style>.stk-aae4ce6-inner-blocks{align-items:flex-start !important;justify-content:flex-start !important;}<\/style><div class=\"stk-column-wrapper stk-block-column__content stk-container stk-aae4ce6-container stk--no-background stk--no-padding\"><div class=\"stk--column-flex stk-block-content stk-inner-blocks stk-aae4ce6-inner-blocks\">\n<div class=\"wp-block-stackable-heading stk-block-heading stk-block-heading--v2 stk-block stk-24ac704\" id=\"flexibles-arbeiten\" data-block-id=\"24ac704\"><style>.stk-24ac704 {left:-10px !important;}<\/style><h3 class=\"stk-block-heading__text\">Flexibles Arbeiten<\/h3><\/div>\n\n\n\n<div class=\"wp-block-stackable-text stk-block-text stk-block stk-bb64238\" data-block-id=\"bb64238\"><style>.stk-bb64238 {left:-10px !important;}<\/style><p class=\"stk-block-text__text has-text-align-left\">Wir erm\u00f6glichen flexible Arbeitszeiten sowie Teilzeitmodelle und bieten \u2013 wo sinnvoll \u2013 die M\u00f6glichkeit f\u00fcr mobiles Arbeiten. So lassen sich Beruf und Privatleben optimal vereinbaren.<\/p><\/div>\n<\/div><\/div><\/div>\n\n\n\n<div class=\"wp-block-stackable-column stk-block-column stk-column stk-block stk-baf197d\" data-v=\"4\" data-block-id=\"baf197d\"><style>.stk-baf197d {align-self:center !important;}<\/style><div class=\"stk-column-wrapper stk-block-column__content stk-container stk-baf197d-container stk--no-background stk--no-padding\"><div class=\"stk-block-content stk-inner-blocks stk-baf197d-inner-blocks\">\n<div class=\"wp-block-stackable-image stk-block-image has-text-align-right stk-block stk-c4a6586\" data-block-id=\"c4a6586\"><style>.stk-c4a6586 {left:-10px !important;}.stk-c4a6586 .stk-img-wrapper{width:200px !important;height:200px !important;}<\/style><figure><span class=\"stk-img-wrapper stk-image--shape-stretch\"><img data-recalc-dims=\"1\" loading=\"lazy\" decoding=\"async\" class=\"stk-img wp-image-1499\" src=\"https:\/\/i0.wp.com\/www.solunex.ch\/wp-content\/uploads\/2025\/07\/workplace.png?resize=512%2C512&#038;ssl=1\" width=\"512\" height=\"512\" srcset=\"https:\/\/i0.wp.com\/www.solunex.ch\/wp-content\/uploads\/2025\/07\/workplace.png?w=512&amp;ssl=1 512w, https:\/\/i0.wp.com\/www.solunex.ch\/wp-content\/uploads\/2025\/07\/workplace.png?resize=300%2C300&amp;ssl=1 300w, https:\/\/i0.wp.com\/www.solunex.ch\/wp-content\/uploads\/2025\/07\/workplace.png?resize=150%2C150&amp;ssl=1 150w\" sizes=\"auto, (max-width: 512px) 100vw, 512px\" \/><\/span><\/figure><\/div>\n<\/div><\/div><\/div>\n<\/div><\/div><\/div>\n\n\n\n<div class=\"wp-block-stackable-feature stk-block-feature stk-block stk-3a512ab is-style-default\" data-v=\"2\" id=\"finanzielle-vorteile\" data-block-id=\"3a512ab\"><style>.stk-3a512ab {--stk-feature-flex-wrap:nowrap !important;}<\/style><div class=\"stk-content-align stk-3a512ab-column stk-container stk-3a512ab-container stk--no-background stk--no-padding\"><div class=\"stk-inner-blocks stk-block-content stk-row\">\n<div class=\"wp-block-stackable-column stk-block-column stk-column stk-block stk-99e31f8\" data-v=\"4\" data-block-id=\"99e31f8\"><style>.stk-99e31f8 {align-self:center !important;}<\/style><div class=\"stk-column-wrapper stk-block-column__content stk-container stk-99e31f8-container stk--no-background stk--no-padding\"><div class=\"stk-block-content stk-inner-blocks stk-99e31f8-inner-blocks\">\n<div class=\"wp-block-stackable-image stk-block-image has-text-align-left stk-block stk-64131d7\" data-block-id=\"64131d7\"><style>.stk-64131d7 {left:-10px !important;}.stk-64131d7 .stk-img-wrapper{width:200px !important;height:200px !important;}<\/style><figure><span class=\"stk-img-wrapper stk-image--shape-stretch\"><img data-recalc-dims=\"1\" loading=\"lazy\" decoding=\"async\" class=\"stk-img wp-image-1500\" src=\"https:\/\/i0.wp.com\/www.solunex.ch\/wp-content\/uploads\/2025\/07\/support.png?resize=512%2C512&#038;ssl=1\" width=\"512\" height=\"512\" srcset=\"https:\/\/i0.wp.com\/www.solunex.ch\/wp-content\/uploads\/2025\/07\/support.png?w=512&amp;ssl=1 512w, https:\/\/i0.wp.com\/www.solunex.ch\/wp-content\/uploads\/2025\/07\/support.png?resize=300%2C300&amp;ssl=1 300w, https:\/\/i0.wp.com\/www.solunex.ch\/wp-content\/uploads\/2025\/07\/support.png?resize=150%2C150&amp;ssl=1 150w\" sizes=\"auto, (max-width: 512px) 100vw, 512px\" \/><\/span><\/figure><\/div>\n<\/div><\/div><\/div>\n\n\n\n<div class=\"wp-block-stackable-column stk-block-column stk-column stk-block stk-298bb85\" data-v=\"4\" data-block-id=\"298bb85\"><style>.stk-298bb85-inner-blocks{align-items:flex-start !important;justify-content:flex-start !important;}<\/style><div class=\"stk-column-wrapper stk-block-column__content stk-container stk-298bb85-container stk--no-background stk--no-padding\"><div class=\"stk--column-flex stk-block-content stk-inner-blocks stk-298bb85-inner-blocks\">\n<div class=\"wp-block-stackable-heading stk-block-heading stk-block-heading--v2 stk-block stk-20c892c\" id=\"team-amp-unternehmenskultur\" data-block-id=\"20c892c\"><style>.stk-20c892c {left:-10px !important;}<\/style><h3 class=\"stk-block-heading__text\">Team &amp; Unternehmenskultur<\/h3><\/div>\n\n\n\n<div class=\"wp-block-stackable-text stk-block-text stk-block stk-3de7a5c\" data-block-id=\"3de7a5c\"><style>.stk-3de7a5c {left:-10px !important;}<\/style><p class=\"stk-block-text__text has-text-align-left\">Ein respektvoller, kollegialer Umgang ist f\u00fcr uns selbstverst\u00e4ndlich. Wir pflegen eine offene Unternehmenskultur mit flachen Hierarchien, kurzen Wegen und einem starken Teamgeist.<\/p><\/div>\n<\/div><\/div><\/div>\n<\/div><\/div><\/div>\n\n\n\n<div class=\"wp-block-stackable-feature stk-block-feature stk-block stk-cacea71 is-style-default\" data-v=\"2\" id=\"finanzielle-vorteile\" data-block-id=\"cacea71\"><style>.stk-cacea71 {--stk-feature-flex-wrap:nowrap !important;}<\/style><div class=\"stk-content-align stk-cacea71-column stk-container stk-cacea71-container stk--no-background stk--no-padding\"><div class=\"stk-inner-blocks stk-block-content stk-row\">\n<div class=\"wp-block-stackable-column stk-block-column stk-column stk-block stk-0a550f1\" data-v=\"4\" data-block-id=\"0a550f1\"><style>.stk-0a550f1-inner-blocks{align-items:flex-start !important;justify-content:flex-start !important;}<\/style><div class=\"stk-column-wrapper stk-block-column__content stk-container stk-0a550f1-container stk--no-background stk--no-padding\"><div class=\"stk--column-flex stk-block-content stk-inner-blocks stk-0a550f1-inner-blocks\">\n<div class=\"wp-block-stackable-heading stk-block-heading stk-block-heading--v2 stk-block stk-6849cbc\" id=\"finanzielle-vorteile\" data-block-id=\"6849cbc\"><style>.stk-6849cbc {left:-10px !important;}<\/style><h3 class=\"stk-block-heading__text\">Finanzielle Vorteile<\/h3><\/div>\n\n\n\n<div class=\"wp-block-stackable-text stk-block-text stk-block stk-9599bff\" data-block-id=\"9599bff\"><style>.stk-9599bff {left:-10px !important;}<\/style><p class=\"stk-block-text__text has-text-align-left\">Nebst einem fairen Lohnsystem profitieren unsere Mitarbeitenden von attraktiven Zusatzleistungen wie Beteiligungen an Weiterbildungen, guten Sozialleistungen und gelegentlichen Verg\u00fcnstigungen.<\/p><\/div>\n<\/div><\/div><\/div>\n\n\n\n<div class=\"wp-block-stackable-column stk-block-column stk-column stk-block stk-0c2a363\" data-v=\"4\" data-block-id=\"0c2a363\"><style>.stk-0c2a363 {align-self:center !important;}<\/style><div class=\"stk-column-wrapper stk-block-column__content stk-container stk-0c2a363-container stk--no-background stk--no-padding\"><div class=\"stk-block-content stk-inner-blocks stk-0c2a363-inner-blocks\">\n<div class=\"wp-block-stackable-image stk-block-image has-text-align-right stk-block stk-cff1410\" data-block-id=\"cff1410\"><style>.stk-cff1410 {left:-10px !important;}.stk-cff1410 .stk-img-wrapper{width:200px !important;height:200px !important;}<\/style><figure><span class=\"stk-img-wrapper stk-image--shape-stretch\"><img data-recalc-dims=\"1\" loading=\"lazy\" decoding=\"async\" class=\"stk-img wp-image-1501\" src=\"https:\/\/i0.wp.com\/www.solunex.ch\/wp-content\/uploads\/2025\/07\/money.png?resize=512%2C512&#038;ssl=1\" width=\"512\" height=\"512\" srcset=\"https:\/\/i0.wp.com\/www.solunex.ch\/wp-content\/uploads\/2025\/07\/money.png?w=512&amp;ssl=1 512w, https:\/\/i0.wp.com\/www.solunex.ch\/wp-content\/uploads\/2025\/07\/money.png?resize=300%2C300&amp;ssl=1 300w, https:\/\/i0.wp.com\/www.solunex.ch\/wp-content\/uploads\/2025\/07\/money.png?resize=150%2C150&amp;ssl=1 150w\" sizes=\"auto, (max-width: 512px) 100vw, 512px\" \/><\/span><\/figure><\/div>\n<\/div><\/div><\/div>\n<\/div><\/div><\/div>\n<\/div><\/div><\/div>\n<\/div><\/div>\n","protected":false},"excerpt":{"rendered":"<p>Arbeiten bei Solunex Arbeitsumfeld Wir bieten ein inspirierendes Arbeitsumfeld, das auf Offenheit, gegenseitigem Respekt und Teamgeist basiert. Moderne Arbeitspl\u00e4tze, flexible Strukturen und kurze Entscheidungswege schaffen ideale Voraussetzungen f\u00fcr pers\u00f6nliches Wachstum, kreative Ideen und effizientes Arbeiten. Weiterbildung Wir f\u00f6rdern kontinuierliches Lernen durch interne Schulungen, externe Weiterbildungen und den Zugang zu digitalen Lernplattformen. Pers\u00f6nliche Entwicklung wird bei&hellip;&nbsp;<a href=\"https:\/\/www.solunex.ch\/?page_id=1752\" rel=\"bookmark\">Mehr lesen &raquo;<span class=\"screen-reader-text\">Arbeiten bei Solunex<\/span><\/a><\/p>\n","protected":false},"author":1,"featured_media":0,"parent":0,"menu_order":0,"comment_status":"closed","ping_status":"closed","template":"","meta":{"neve_meta_sidebar":"","neve_meta_container":"default","neve_meta_enable_content_width":"","neve_meta_content_width":0,"neve_meta_title_alignment":"","neve_meta_author_avatar":"","neve_post_elements_order":"","neve_meta_disable_header":"","neve_meta_disable_footer":"","neve_meta_disable_title":"on","neve_meta_reading_time":"","footnotes":""},"class_list":["post-1752","page","type-page","status-publish","hentry"],"jetpack_sharing_enabled":true,"_links":{"self":[{"href":"https:\/\/www.solunex.ch\/index.php?rest_route=\/wp\/v2\/pages\/1752","targetHints":{"allow":["GET"]}}],"collection":[{"href":"https:\/\/www.solunex.ch\/index.php?rest_route=\/wp\/v2\/pages"}],"about":[{"href":"https:\/\/www.solunex.ch\/index.php?rest_route=\/wp\/v2\/types\/page"}],"author":[{"embeddable":true,"href":"https:\/\/www.solunex.ch\/index.php?rest_route=\/wp\/v2\/users\/1"}],"replies":[{"embeddable":true,"href":"https:\/\/www.solunex.ch\/index.php?rest_route=%2Fwp%2Fv2%2Fcomments&post=1752"}],"version-history":[{"count":9,"href":"https:\/\/www.solunex.ch\/index.php?rest_route=\/wp\/v2\/pages\/1752\/revisions"}],"predecessor-version":[{"id":1819,"href":"https:\/\/www.solunex.ch\/index.php?rest_route=\/wp\/v2\/pages\/1752\/revisions\/1819"}],"wp:attachment":[{"href":"https:\/\/www.solunex.ch\/index.php?rest_route=%2Fwp%2Fv2%2Fmedia&parent=1752"}],"curies":[{"name":"wp","href":"https:\/\/api.w.org\/{rel}","templated":true}]}}